{"id":354,"date":"2025-08-26T17:19:41","date_gmt":"2025-08-26T15:19:41","guid":{"rendered":"https:\/\/www.ecole-musique-pannes.fr\/?page_id=354"},"modified":"2025-09-14T17:14:12","modified_gmt":"2025-09-14T15:14:12","slug":"violon","status":"publish","type":"page","link":"https:\/\/www.ecole-musique-pannes.fr\/index.php\/violon\/","title":{"rendered":"Violon"},"content":{"rendered":"\n<div class=\"wp-block-columns is-layout-flex wp-container-core-columns-is-layout-28f84493 wp-block-columns-is-layout-flex\">\n<div class=\"wp-block-column is-layout-flow wp-block-column-is-layout-flow\">\n<h2 class=\"wp-block-heading\"><strong>Cours de Violon<\/strong><\/h2>\n\n\n\n<p>L&#8217;organisation des cours se fait en deux parties : tout d&#8217;abord <strong>la technique<\/strong> a travers des <strong>exercice d\u2019entra\u00eenement<\/strong> (travail du doigt\u00e9s , apprendre \u00e0 \u00ab sortir \u00bb un son clair&#8230;) ; une seconde partie est consacr\u00e9e au <strong>travail sur les oeuvres <\/strong>: cr\u00e9ation d&#8217;un r\u00e9pertoire, ou travail d\u2019interpr\u00e9tation (selon le niveau).<\/p>\n<\/div>\n\n\n\n<div class=\"wp-block-column is-layout-flow wp-block-column-is-layout-flow\">\n<figure class=\"wp-block-image size-full\"><img loading=\"lazy\" decoding=\"async\" width=\"1056\" height=\"587\" src=\"http:\/\/www.ecole-musique-pannes.fr\/wp-content\/uploads\/2025\/09\/Hilary_Hahn-1056x587-1.jpg\" alt=\"\" class=\"wp-image-390\" srcset=\"https:\/\/www.ecole-musique-pannes.fr\/wp-content\/uploads\/2025\/09\/Hilary_Hahn-1056x587-1.jpg 1056w, https:\/\/www.ecole-musique-pannes.fr\/wp-content\/uploads\/2025\/09\/Hilary_Hahn-1056x587-1-300x167.jpg 300w, https:\/\/www.ecole-musique-pannes.fr\/wp-content\/uploads\/2025\/09\/Hilary_Hahn-1056x587-1-1024x569.jpg 1024w, https:\/\/www.ecole-musique-pannes.fr\/wp-content\/uploads\/2025\/09\/Hilary_Hahn-1056x587-1-768x427.jpg 768w\" sizes=\"auto, (max-width: 1056px) 100vw, 1056px\" \/><\/figure>\n<\/div>\n<\/div>\n\n\n\n<div class=\"wp-block-columns has-background is-layout-flex wp-container-core-columns-is-layout-28f84493 wp-block-columns-is-layout-flex\" style=\"background:linear-gradient(135deg,rgb(107,28,37) 0%,rgb(0,0,0) 100%)\">\n<div class=\"wp-block-column has-ast-global-color-4-color has-text-color has-link-color wp-elements-0968487c86d50abd6933a581c09a2fcd is-layout-flow wp-block-column-is-layout-flow\">\n<h2 class=\"wp-block-heading has-ast-global-color-4-color has-text-color has-link-color wp-elements-6aa02e06222e8f7d348dd2653d4707c9\">L&#8217;histoire du Violon<\/h2>\n\n\n\n<p>N\u00e9 il y a plus de 500 ans, le violon est le fruit d\u2019une longue \u00e9volution d\u2019instruments \u00e0 cordes venus d\u2019Orient : du <strong>Ravanastron<\/strong> indien (il y a 5 000 ans) au <strong>rebec<\/strong> arabe, en passant par les vi\u00e8les m\u00e9di\u00e9vales europ\u00e9ennes. C\u2019est au <strong>XVI\u1d49 si\u00e8cle, en Italie<\/strong> (notamment \u00e0 Cr\u00e9mone et Brescia), que le violon moderne prend forme, gr\u00e2ce \u00e0 des luthiers l\u00e9gendaires comme <strong>Andrea Amati<\/strong> ou <strong>Antonio Stradivari<\/strong>, dont les cr\u00e9ations sont encore aujourd\u2019hui des r\u00e9f\u00e9rences absolus.<\/p>\n\n\n\n<p>D\u2019abord consid\u00e9r\u00e9 comme un instrument populaire pour animer les danses, le violon s\u2019impose rapidement dans les cours royales et les orchestres. En France, <strong>Charles IX commande 24 violons \u00e0 Amati d\u00e8s 1560<\/strong>, et <strong>Lully<\/strong> le popularise \u00e0 la cour de Louis XIV avec les <strong>&#8220;Vingt-quatre violons du Roi&#8221;<\/strong>. Au fil des si\u00e8cles, il devient l\u2019instrument roi de la musique classique, mais aussi un pilier du jazz, du folk et m\u00eame de la musique contemporaine.<\/p>\n\n\n\n<p>Avec sa <strong>sonorit\u00e9 puissante et expressive<\/strong>, le violon traverse les \u00e9poques et les cultures, incarnant \u00e0 la fois la virtuosit\u00e9 et l\u2019\u00e9motion pure. Des steppes d\u2019Asie centrale aux salles de concert du monde entier, son histoire est celle d\u2019un <strong>pont entre les traditions et l\u2019innovation<\/strong>.<\/p>\n\n\n\n<p>Aujourd\u2019hui, il reste l\u2019un des instruments les plus aim\u00e9s et les plus polyvalents, symbole de <strong>passion, de pr\u00e9cision et de cr\u00e9ativit\u00e9<\/strong> ! <\/p>\n<\/div>\n\n\n\n<div class=\"wp-block-column is-layout-flow wp-block-column-is-layout-flow\">\n<figure class=\"wp-block-image size-full is-resized\"><img loading=\"lazy\" decoding=\"async\" width=\"760\" height=\"763\" src=\"http:\/\/www.ecole-musique-pannes.fr\/wp-content\/uploads\/2025\/08\/01-vielle-og.webp\" alt=\"\" class=\"wp-image-357\" style=\"width:717px;height:auto\" srcset=\"https:\/\/www.ecole-musique-pannes.fr\/wp-content\/uploads\/2025\/08\/01-vielle-og.webp 760w, https:\/\/www.ecole-musique-pannes.fr\/wp-content\/uploads\/2025\/08\/01-vielle-og-300x300.webp 300w, https:\/\/www.ecole-musique-pannes.fr\/wp-content\/uploads\/2025\/08\/01-vielle-og-150x150.webp 150w\" sizes=\"auto, (max-width: 760px) 100vw, 760px\" \/><\/figure>\n<\/div>\n<\/div>\n\n\n\n<div class=\"wp-block-columns is-layout-flex wp-container-core-columns-is-layout-28f84493 wp-block-columns-is-layout-flex\">\n<div class=\"wp-block-column is-layout-flow wp-block-column-is-layout-flow\" style=\"flex-basis:33.33%\">\n<figure class=\"wp-block-image size-full is-resized\"><img loading=\"lazy\" decoding=\"async\" width=\"1920\" height=\"2560\" src=\"http:\/\/www.ecole-musique-pannes.fr\/wp-content\/uploads\/2025\/06\/20121230_191205-scaled.jpg\" alt=\"\" class=\"wp-image-254\" style=\"width:394px;height:auto\" srcset=\"https:\/\/www.ecole-musique-pannes.fr\/wp-content\/uploads\/2025\/06\/20121230_191205-scaled.jpg 1920w, https:\/\/www.ecole-musique-pannes.fr\/wp-content\/uploads\/2025\/06\/20121230_191205-225x300.jpg 225w, https:\/\/www.ecole-musique-pannes.fr\/wp-content\/uploads\/2025\/06\/20121230_191205-768x1024.jpg 768w, https:\/\/www.ecole-musique-pannes.fr\/wp-content\/uploads\/2025\/06\/20121230_191205-1152x1536.jpg 1152w, https:\/\/www.ecole-musique-pannes.fr\/wp-content\/uploads\/2025\/06\/20121230_191205-1536x2048.jpg 1536w\" sizes=\"auto, (max-width: 1920px) 100vw, 1920px\" \/><figcaption class=\"wp-element-caption\">User comments<\/figcaption><\/figure>\n<\/div>\n\n\n\n<div class=\"wp-block-column is-layout-flow wp-block-column-is-layout-flow\" style=\"flex-basis:66.66%\">\n<h2 class=\"wp-block-heading\">Votre professeure de violon<\/h2>\n\n\n\n<h2 class=\"wp-block-heading\">Nicole Ra\u00efsky-Coudert<\/h2>\n\n\n\n<p>Je suis Nicole Ra\u00efsky-Coudert, Votre professeur de violon.  Depuis l\u2019\u00e2ge de 7 ans, la musique fait partie de ma vie : <strong>piano, violon, alto et chant<\/strong> m\u2019ont accompagn\u00e9 dans un parcours o\u00f9 <strong>pratique, enseignement et partage<\/strong> se m\u00ealent \u00e9troitement. Apr\u00e8s un <strong>bac scientifique option musique<\/strong>, j\u2019ai poursuivi mes \u00e9tudes jusqu\u2019au professorat, tout en jouant dans des ensembles vari\u00e9s, du <strong>gospel \u00e0 la musique de chambre<\/strong>, et en me perfectionnant aupr\u00e8s de professeurs renomm\u00e9s (CNSM, Conservatoire Europ\u00e9en).<\/p>\n\n\n\n<p>Mon exp\u00e9rience est aussi celle de la <strong>transmission<\/strong> : j\u2019ai enseign\u00e9 \u00e0 des enfants, des adolescents et des jeunes adultes, en adaptant ma p\u00e9dagogie pour allier <strong>rigueur technique et plaisir de jouer<\/strong>. Que ce soit en solo, en duo ou en ensemble, j\u2019ai appris que la musique se vit autant par la <strong>pratique que par l\u2019\u00e9change<\/strong>.<\/p>\n\n\n\n<p>Aujourd\u2019hui, je mets cette passion \u00e0 votre service pour vous aider \u00e0 <strong>progresser, comprendre et aimer la musique<\/strong>, quel que soit votre niveau. Ensemble, explorons les <strong>richesses de l\u2019instrument<\/strong>, d\u00e9veloppons votre <strong>confiance<\/strong> et cultivons votre <strong>cr\u00e9ativit\u00e9<\/strong> !<\/p>\n<\/div>\n<\/div>\n\n\n\n<p><\/p>\n","protected":false},"excerpt":{"rendered":"<p>Cours de Violon L&#8217;organisation des cours se fait en deux parties : tout d&#8217;abord la technique a travers des exercice [&hellip;]<\/p>\n","protected":false},"author":2,"featured_media":0,"parent":0,"menu_order":0,"comment_status":"closed","ping_status":"closed","template":"","meta":{"site-sidebar-layout":"default","site-content-layout":"","ast-site-content-layout":"","site-content-style":"default","site-sidebar-style":"default","ast-global-header-display":"","ast-banner-title-visibility":"","ast-main-header-display":"","ast-hfb-above-header-display":"","ast-hfb-below-header-display":"","ast-hfb-mobile-header-display":"","site-post-title":"","ast-breadcrumbs-content":"","ast-featured-img":"","footer-sml-layout":"","theme-transparent-header-meta":"","adv-header-id-meta":"","stick-header-meta":"","header-above-stick-meta":"","header-main-stick-meta":"","header-below-stick-meta":"","astra-migrate-meta-layouts":"default","ast-page-background-enabled":"default","ast-page-background-meta":{"desktop":{"background-color":"var(--ast-global-color-5)","background-image":"","background-repeat":"repeat","background-position":"center center","background-size":"auto","background-attachment":"scroll","background-type":"","background-media":"","overlay-type":"","overlay-color":"","overlay-opacity":"","overlay-gradient":""},"tablet":{"background-color":"","background-image":"","background-repeat":"repeat","background-position":"center center","background-size":"auto","background-attachment":"scroll","background-type":"","background-media":"","overlay-type":"","overlay-color":"","overlay-opacity":"","overlay-gradient":""},"mobile":{"background-color":"","background-image":"","background-repeat":"repeat","background-position":"center center","background-size":"auto","background-attachment":"scroll","background-type":"","background-media":"","overlay-type":"","overlay-color":"","overlay-opacity":"","overlay-gradient":""}},"ast-content-background-meta":{"desktop":{"background-color":"var(--ast-global-color-4)","background-image":"","background-repeat":"repeat","background-position":"center center","background-size":"auto","background-attachment":"scroll","background-type":"","background-media":"","overlay-type":"","overlay-color":"","overlay-opacity":"","overlay-gradient":""},"tablet":{"background-color":"var(--ast-global-color-4)","background-image":"","background-repeat":"repeat","background-position":"center center","background-size":"auto","background-attachment":"scroll","background-type":"","background-media":"","overlay-type":"","overlay-color":"","overlay-opacity":"","overlay-gradient":""},"mobile":{"background-color":"var(--ast-global-color-4)","background-image":"","background-repeat":"repeat","background-position":"center center","background-size":"auto","background-attachment":"scroll","background-type":"","background-media":"","overlay-type":"","overlay-color":"","overlay-opacity":"","overlay-gradient":""}},"footnotes":""},"class_list":["post-354","page","type-page","status-publish","hentry"],"yoast_head":"<!-- This site is optimized with the Yoast SEO plugin v24.6 - https:\/\/yoast.com\/wordpress\/plugins\/seo\/ -->\n<title>Violon - \u00c9COLE DE MUSIQUE DE PANNES<\/title>\n<meta name=\"robots\" content=\"index, follow, max-snippet:-1, max-image-preview:large, max-video-preview:-1\" \/>\n<link rel=\"canonical\" href=\"https:\/\/www.ecole-musique-pannes.fr\/index.php\/violon\/\" \/>\n<meta property=\"og:locale\" content=\"en_US\" \/>\n<meta property=\"og:type\" content=\"article\" \/>\n<meta property=\"og:title\" content=\"Violon - \u00c9COLE DE MUSIQUE DE PANNES\" \/>\n<meta property=\"og:description\" content=\"Cours de Violon L&#8217;organisation des cours se fait en deux parties : tout d&#8217;abord la technique a travers des exercice [&hellip;]\" \/>\n<meta property=\"og:url\" content=\"https:\/\/www.ecole-musique-pannes.fr\/index.php\/violon\/\" \/>\n<meta property=\"og:site_name\" content=\"\u00c9COLE DE MUSIQUE DE PANNES\" \/>\n<meta property=\"article:publisher\" content=\"https:\/\/www.facebook.com\/ecoledemusiquedepannes\/\" \/>\n<meta property=\"article:modified_time\" content=\"2025-09-14T15:14:12+00:00\" \/>\n<meta property=\"og:image\" content=\"http:\/\/www.ecole-musique-pannes.fr\/wp-content\/uploads\/2025\/09\/Hilary_Hahn-1056x587-1.jpg\" \/>\n<meta name=\"twitter:card\" content=\"summary_large_image\" \/>\n<meta name=\"twitter:label1\" content=\"Est. reading time\" \/>\n\t<meta name=\"twitter:data1\" content=\"3 minutes\" \/>\n<script type=\"application\/ld+json\" class=\"yoast-schema-graph\">{\"@context\":\"https:\/\/schema.org\",\"@graph\":[{\"@type\":\"WebPage\",\"@id\":\"https:\/\/www.ecole-musique-pannes.fr\/index.php\/violon\/\",\"url\":\"https:\/\/www.ecole-musique-pannes.fr\/index.php\/violon\/\",\"name\":\"Violon - \u00c9COLE DE MUSIQUE DE PANNES\",\"isPartOf\":{\"@id\":\"https:\/\/www.ecole-musique-pannes.fr\/#website\"},\"primaryImageOfPage\":{\"@id\":\"https:\/\/www.ecole-musique-pannes.fr\/index.php\/violon\/#primaryimage\"},\"image\":{\"@id\":\"https:\/\/www.ecole-musique-pannes.fr\/index.php\/violon\/#primaryimage\"},\"thumbnailUrl\":\"http:\/\/www.ecole-musique-pannes.fr\/wp-content\/uploads\/2025\/09\/Hilary_Hahn-1056x587-1.jpg\",\"datePublished\":\"2025-08-26T15:19:41+00:00\",\"dateModified\":\"2025-09-14T15:14:12+00:00\",\"breadcrumb\":{\"@id\":\"https:\/\/www.ecole-musique-pannes.fr\/index.php\/violon\/#breadcrumb\"},\"inLanguage\":\"en-US\",\"potentialAction\":[{\"@type\":\"ReadAction\",\"target\":[\"https:\/\/www.ecole-musique-pannes.fr\/index.php\/violon\/\"]}]},{\"@type\":\"ImageObject\",\"inLanguage\":\"en-US\",\"@id\":\"https:\/\/www.ecole-musique-pannes.fr\/index.php\/violon\/#primaryimage\",\"url\":\"https:\/\/www.ecole-musique-pannes.fr\/wp-content\/uploads\/2025\/09\/Hilary_Hahn-1056x587-1.jpg\",\"contentUrl\":\"https:\/\/www.ecole-musique-pannes.fr\/wp-content\/uploads\/2025\/09\/Hilary_Hahn-1056x587-1.jpg\",\"width\":1056,\"height\":587},{\"@type\":\"BreadcrumbList\",\"@id\":\"https:\/\/www.ecole-musique-pannes.fr\/index.php\/violon\/#breadcrumb\",\"itemListElement\":[{\"@type\":\"ListItem\",\"position\":1,\"name\":\"Accueil\",\"item\":\"https:\/\/www.ecole-musique-pannes.fr\/\"},{\"@type\":\"ListItem\",\"position\":2,\"name\":\"Violon\"}]},{\"@type\":\"WebSite\",\"@id\":\"https:\/\/www.ecole-musique-pannes.fr\/#website\",\"url\":\"https:\/\/www.ecole-musique-pannes.fr\/\",\"name\":\"\u00c9COLE DE MUSIQUE DE PANNES\",\"description\":\"\",\"potentialAction\":[{\"@type\":\"SearchAction\",\"target\":{\"@type\":\"EntryPoint\",\"urlTemplate\":\"https:\/\/www.ecole-musique-pannes.fr\/?s={search_term_string}\"},\"query-input\":{\"@type\":\"PropertyValueSpecification\",\"valueRequired\":true,\"valueName\":\"search_term_string\"}}],\"inLanguage\":\"en-US\"}]}<\/script>\n<!-- \/ Yoast SEO plugin. -->","yoast_head_json":{"title":"Violon - \u00c9COLE DE MUSIQUE DE PANNES","robots":{"index":"index","follow":"follow","max-snippet":"max-snippet:-1","max-image-preview":"max-image-preview:large","max-video-preview":"max-video-preview:-1"},"canonical":"https:\/\/www.ecole-musique-pannes.fr\/index.php\/violon\/","og_locale":"en_US","og_type":"article","og_title":"Violon - \u00c9COLE DE MUSIQUE DE PANNES","og_description":"Cours de Violon L&#8217;organisation des cours se fait en deux parties : tout d&#8217;abord la technique a travers des exercice [&hellip;]","og_url":"https:\/\/www.ecole-musique-pannes.fr\/index.php\/violon\/","og_site_name":"\u00c9COLE DE MUSIQUE DE PANNES","article_publisher":"https:\/\/www.facebook.com\/ecoledemusiquedepannes\/","article_modified_time":"2025-09-14T15:14:12+00:00","og_image":[{"url":"http:\/\/www.ecole-musique-pannes.fr\/wp-content\/uploads\/2025\/09\/Hilary_Hahn-1056x587-1.jpg","type":"","width":"","height":""}],"twitter_card":"summary_large_image","twitter_misc":{"Est. reading time":"3 minutes"},"schema":{"@context":"https:\/\/schema.org","@graph":[{"@type":"WebPage","@id":"https:\/\/www.ecole-musique-pannes.fr\/index.php\/violon\/","url":"https:\/\/www.ecole-musique-pannes.fr\/index.php\/violon\/","name":"Violon - \u00c9COLE DE MUSIQUE DE PANNES","isPartOf":{"@id":"https:\/\/www.ecole-musique-pannes.fr\/#website"},"primaryImageOfPage":{"@id":"https:\/\/www.ecole-musique-pannes.fr\/index.php\/violon\/#primaryimage"},"image":{"@id":"https:\/\/www.ecole-musique-pannes.fr\/index.php\/violon\/#primaryimage"},"thumbnailUrl":"http:\/\/www.ecole-musique-pannes.fr\/wp-content\/uploads\/2025\/09\/Hilary_Hahn-1056x587-1.jpg","datePublished":"2025-08-26T15:19:41+00:00","dateModified":"2025-09-14T15:14:12+00:00","breadcrumb":{"@id":"https:\/\/www.ecole-musique-pannes.fr\/index.php\/violon\/#breadcrumb"},"inLanguage":"en-US","potentialAction":[{"@type":"ReadAction","target":["https:\/\/www.ecole-musique-pannes.fr\/index.php\/violon\/"]}]},{"@type":"ImageObject","inLanguage":"en-US","@id":"https:\/\/www.ecole-musique-pannes.fr\/index.php\/violon\/#primaryimage","url":"https:\/\/www.ecole-musique-pannes.fr\/wp-content\/uploads\/2025\/09\/Hilary_Hahn-1056x587-1.jpg","contentUrl":"https:\/\/www.ecole-musique-pannes.fr\/wp-content\/uploads\/2025\/09\/Hilary_Hahn-1056x587-1.jpg","width":1056,"height":587},{"@type":"BreadcrumbList","@id":"https:\/\/www.ecole-musique-pannes.fr\/index.php\/violon\/#breadcrumb","itemListElement":[{"@type":"ListItem","position":1,"name":"Accueil","item":"https:\/\/www.ecole-musique-pannes.fr\/"},{"@type":"ListItem","position":2,"name":"Violon"}]},{"@type":"WebSite","@id":"https:\/\/www.ecole-musique-pannes.fr\/#website","url":"https:\/\/www.ecole-musique-pannes.fr\/","name":"\u00c9COLE DE MUSIQUE DE PANNES","description":"","potentialAction":[{"@type":"SearchAction","target":{"@type":"EntryPoint","urlTemplate":"https:\/\/www.ecole-musique-pannes.fr\/?s={search_term_string}"},"query-input":{"@type":"PropertyValueSpecification","valueRequired":true,"valueName":"search_term_string"}}],"inLanguage":"en-US"}]}},"_links":{"self":[{"href":"https:\/\/www.ecole-musique-pannes.fr\/index.php\/wp-json\/wp\/v2\/pages\/354","targetHints":{"allow":["GET"]}}],"collection":[{"href":"https:\/\/www.ecole-musique-pannes.fr\/index.php\/wp-json\/wp\/v2\/pages"}],"about":[{"href":"https:\/\/www.ecole-musique-pannes.fr\/index.php\/wp-json\/wp\/v2\/types\/page"}],"author":[{"embeddable":true,"href":"https:\/\/www.ecole-musique-pannes.fr\/index.php\/wp-json\/wp\/v2\/users\/2"}],"replies":[{"embeddable":true,"href":"https:\/\/www.ecole-musique-pannes.fr\/index.php\/wp-json\/wp\/v2\/comments?post=354"}],"version-history":[{"count":7,"href":"https:\/\/www.ecole-musique-pannes.fr\/index.php\/wp-json\/wp\/v2\/pages\/354\/revisions"}],"predecessor-version":[{"id":391,"href":"https:\/\/www.ecole-musique-pannes.fr\/index.php\/wp-json\/wp\/v2\/pages\/354\/revisions\/391"}],"wp:attachment":[{"href":"https:\/\/www.ecole-musique-pannes.fr\/index.php\/wp-json\/wp\/v2\/media?parent=354"}],"curies":[{"name":"wp","href":"https:\/\/api.w.org\/{rel}","templated":true}]}}